me number?
False
Is 32867 a composite number?
True
Is 19369 composite?
True
Is 208205 prime?
False
Is 8651 a prime number?
False
Is 8851 prime?
False
Is 606181 composite?
False
Is 10487 a composite number?
False
Is 268607 composite?
False
Is 47623 composite?
False
Is 17827 prime?
True
Is 45683 a prime number?
False
Is 12071 prime?
True
Is 2478877 prime?
True
Is 1513011 a prime number?
False
Is 370715 a composite number?
True
Is 416351 composite?
True
Is 9199 a composite number?
False
Is 12531 a composite number?
True
Is 420331 prime?
True
Is 2759 a composite number?
True
Is 20861 prime?
False
Is 797519 composite?
True
Is 424997 prime?
True
Is 379 composite?
False
Is 12014 prime?
False
Is 1477 prime?
False
Is 5017 a composite number?
True
Is 222659 a composite number?
False
Is 36619 composite?
True
Is 26057 prime?
False
Is 47251 composite?
False
Is 21479 composite?
True
Is 1441 prime?
False
Is 6563 composite?
False
Is 4703 a prime number?
True
Is 118967 a prime number?
True
Is 11513 composite?
True
Is 14867 composite?
False
Is 32989 prime?
False
Is 26339 composite?
False
Is 14163 composite?
True
Is 471373 a prime number?
False
Is 4487 prime?
False
Is 22877 a prime number?
True
Is 249 prime?
False
Is 11969 composite?
False
Is 50969 composite?
False
Is 35051 prime?
True
Is 2641 prime?
False
Is 112121 composite?
False
Is 732971 prime?
True
Is 5381 composite?
False
Is 127649 a prime number?
True
Is 70769 prime?
True
Is 1397941 a composite number?
True
Is 27883 prime?
True
Is 9411 composite?
True
Is 194657 composite?
True
Is 4279 composite?
True
Is 22241 a prime number?
False
Is 1577017 a composite number?
True
Is 265859 a composite number?
True
Is 376045 a prime number?
False
Is 1203 composite?
True
Is 25969 a prime number?
True
Is 610801 prime?
True
Is 338893 composite?
False
Is 10299 a prime number?
False
Is 119321 composite?
False
Is 71161 a composite number?
False
Is 1357423 prime?
True
Is 28901 a prime number?
True
Is 14939 prime?
True
Is 2995 prime?
False
Is 75679 a prime number?
True
Is 10129 a prime number?
False
Is 25703 a composite number?
False
Is 72418 a composite number?
True
Is 81097 a prime number?
True
Is 14051 a prime number?
True
Is 2571 prime?
False
Is 1219 prime?
False
Is 24407 a composite number?
False
Is 34491 a composite number?
True
Is 592049 composite?
False
Is 31918 prime?
False
Is 154523 composite?
False
Is 7981 a composite number?
True
Is 6229 a prime number?
True
Is 34634 composite?
True
Is 48667 a composite number?
True
Is 953189 composite?
True
Is 574021 prime?
False
Is 7369 composite?
False
Is 5041 a composite number?
True
Is 21557 prime?
True
Is 11519 a composite number?
False
Is 170857 a composite number?
False
Is 153991 a composite number?
False
Is 15853 prime?
False
Is 337817 a composite number?
False
Is 295513 composite?
False
Is 2559 a prime number?
False
Is 1706 a prime number?
False
Is 81151 a prime number?
False
Is 146721 a prime number?
False
Is 3979 composite?
True
Is 246547 composite?
True
Is 16879 a composite number?
False
Is 247162 prime?
False
Is 9229 composite?
True
Is 202469 a prime number?
False
Is 5557 a composite number?
False
Is 4197 a composite number?
True
Is 88079 composite?
False
Is 337 composite?
False
Is 477193 composite?
True
Is 22171 prime?
True
Is 109567 a composite number?
False
Is 24239 a prime number?
True
Is 2479 a composite number?
True
Is 477973 prime?
True
Is 1271519 composite?
True
Is 766079 a prime number?
True
Is 268637 prime?
True
Is 51929 a composite number?
False
Is 55987 composite?
False
Is 53683 a prime number?
False
Is 295921 prime?
False
Is 5513 composite?
True
Is 9533 a prime number?
True
Is 701009 a composite number?
False
Is 144713 a prime number?
False
Is 14449 prime?
True
Is 232621 composite?
False
Is 1657 composite?
False
Is 6547 a composite number?
False
Is 19439 a composite number?
True
Is 155129 composite?
True
Is 104483 prime?
False
Is 18539 composite?
False
Is 19367 a composite number?
True
Is 293071 a prime number?
True
Is 1679 a composite number?
True
Is 226693 composite?
True
Is 265 a composite number?
True
Is 3991 composite?
True
Is 428863 prime?
True
Is 353279 a prime number?
False
Is 226 composite?
True
Is 804509 composite?
True
Is 73673 a composite number?
False
Is 4339 a prime number?
True
Is 43391 a prime number?
True
Is 9977 a composite number?
True
Is 351146 prime?
False
Is 89477 prime?
True
Is 419 prime?
True
Is 86837 prime?
True
Is 156487 prime?
True
Is 19531 a composite number?
False
Is 197887 a prime number?
True
Is 31055 composite?
True
Is 31001 prime?
False
Is 244667 prime?
True
Is 1847 composite?
False
Is 452915 prime?
False
Is 26227 prime?
True
Is 10007 a prime number?
True
Is 201937 composite?
False
Is 378601 a prime number?
True
Is 12791 a composite number?
False
Is 30293 a composite number?
False
Is 135881 composite?
True
Is 13111 a composite number?
True
Is 907 composite?
False
Is 26869 a composite number?
True
Is 52613 a composite number?
True
Is 954971 a prime number?
True
Is 1678049 a prime number?
False
Is 1205387 composite?
False
Is 43201 a composite number?
False
Is 227593 composite?
False
Is 2449829 prime?
True
Is 756087 prime?
False
Is 3026453 prime?
False
Is 1633 prime?
False
Is 37173 prime?
False
Is 4409 composite?
False
Is 402623 composite?
True
Is 45433 a prime number?
True
Is 786853 prime?
False
Is 25391 composite?
False
Is 220447 a composite number?
False
Is 4049 prime?
True
Is 831917 prime?
True
Is 5557791 composite?
True
Is 88643 a composite number?
False
Is 1214003 prime?
False
Is 941693 composite?
True
Is 37057 prime?
True
Is 211019 a prime number?
False
Is 263 a composite number?
False
Is 6619 composite?
False
Is 10421 composite?
True
Is 3681149 composite?
False
Is 211561 composite?
True
Is 8767 composite?
True
Is 425977 prime?
True
Is 67903 prime?
False
Is 178643 composite?
False
Is 12689 composite?
False
Is 742499 a composite number?
False
Is 92023 composite?
True
Is 317147 composite?
True
Is 57149 composite?
False
Is 184993 a prime number?
True
Is 223157 a prime number?
False
Is 26041 prime?
True
Is 926447 composite?
True
Is 10007 prime?
True
Is 14713 composite?
False
Is 91939 a prime number?
True
Is 480673 prime?
False
Is 12031 composite?
True
Is 29593 prime?
False
Is 2747 prime?
False
Is 335891 prime?
False
Is 11993 a prime number?
False
Is 777209 prime?
True
Is 16106 composite?
True
Is 7493 a prime number?
False
Is 1949 a prime number?
True
Is 8941 a composite number?
False
Is 32837 composite?
True
Is 8191 a prime number?
True
Is 4699 a composite number?
True
Is 98597 composite?
False
Is 23861 a prime number?
False
Is 58013 prime?
True
Is 113111 prime?
True
Is 215491 composite?
True
Is 11846 composite?
True
Is 26927 a prime number?
True
Is 2342129 prime?
True
Is 398407 a prime number?
True
Is 62993 prime?
False
Is 2863 composite?
True
Is 635117 a prime number?
False
Is 1255 a prime number?
False
Is 1623 a composite number?
True
Is 288013 a prime number?
False
Is 134 composite?
True
Is 35545 a composite number?
True
Is 427051 a prime number?
False
Is 6821 composite?
True
Is 22789 composite?
True
Is 38431 composite?
False
Is 448519 prime?
True
Is 24407 prime?
True
Is 13621 a composite number?
True
Is 52361 prime?
True
Is 16178 a prime number?
False
Is 2937581 composite?
False
Is 60349 a prime number?
False
Is 4109 composite?
True
Is 177319 a composite number?
False
Is 777813 a composite number?
True
Is 146255 composite?
True
Is 81727 a prime number?
True
Is 600487 composite?
False
Is 6581 composite?
False
Is 30169 prime?
True
Is 229813 a prime number?
True
Is 34819 a composite number?
False
Is 142181 prime?
False
Is 554821 a prime number?
True
Is 183151 a prime number?
True
Is 34039 a composite number?
False
Is 329185 composite?
True
Is 13766 a composite number?
True
Is 214433 a prime number?
True
Is 15877 composite?
False
Is 467129 a composite number?
True
Is 305 a composite number?
True
Is 53531 a composite number?
True
Is 20209 a composite number?
True
Is 2371 a prime number?
True
Is 1943 composite?
True
Is 651329 prime?
False
Is 134831 a composite number?
True
Is 28955 a composite number?
True
Is 34807 a composite number?
False
Is 816667 composite?
False
Is 78805 a prime number?
False
Is 653483 a prime num